nd 216?
24
What is the highest common factor of 2912 and 714448?
112
What is the greatest common divisor of 320 and 21915370?
10
Calculate the greatest common factor of 62604 and 25632.
36
What is the highest common divisor of 9956373 and 101703?
3507
What is the highest common factor of 4329460 and 1860?
620
What is the greatest common factor of 147 and 40160400?
147
Calculate the highest common divisor of 6100 and 8596120.
1220
Calculate the highest common factor of 1228704228 and 12.
12
Calculate the highest common factor of 70889870 and 3658.
62
Calculate the highest common factor of 194362 and 3262.
14
What is the greatest common divisor of 691 and 104713449?
691
Calculate the highest common divisor of 56160 and 70330.
130
Calculate the highest common factor of 937428 and 26931.
573
What is the greatest common divisor of 3502 and 7166843?
1751
Calculate the highest common divisor of 200 and 16657800.
200
Calculate the greatest common factor of 12 and 6223710.
6
What is the highest common divisor of 5321934 and 282?
6
Calculate the greatest common divisor of 8508 and 442824.
12
Calculate the highest common factor of 35707 and 7147.
7
Calculate the greatest common divisor of 411 and 109832763.
411
What is the highest common factor of 14883 and 782034?
1353
What is the greatest common factor of 856405 and 23?
23
Calculate the highest common factor of 4702793 and 1085.
31
What is the greatest common divisor of 80765 and 4084940?
145
What is the greatest common divisor of 180 and 68642460?
180
What is the highest common factor of 380 and 824485240?
380
What is the highest common factor of 5481 and 1553559?
609
Calculate the greatest common factor of 74610 and 65751306.
4974
What is the highest common factor of 1330 and 74252038?
266
What is the highest common divisor of 27135 and 41288415?
1005
What is the greatest common divisor of 42 and 88759881?
21
What is the highest common factor of 9177 and 93909?
69
What is the greatest common factor of 46416394 and 134?
134
What is the greatest common factor of 350 and 378380?
10
What is the greatest common divisor of 57135 and 276015?
15
Calculate the greatest common divisor of 90048 and 296618.
14
Calculate the highest common factor of 2513970 and 26040.
30
What is the highest common divisor of 3249 and 124899768?
171
Calculate the highest common factor of 16 and 117763520.
16
What is the highest common factor of 12591 and 11484391?
1399
What is the highest common factor of 17454099 and 117?
39
Calculate the greatest common factor of 27261 and 1900457.
13
What is the greatest common divisor of 336 and 16584708?
84
What is the greatest common divisor of 144075 and 14803?
113
What is the greatest common divisor of 594 and 85110804?
54
What is the highest common factor of 6510 and 207018?
1302
Calculate the greatest common factor of 106915120 and 44600.
8920
What is the greatest common factor of 60355 and 752373359?
12071
What is the greatest common divisor of 385 and 1756139?
77
Calculate the greatest common factor of 14 and 9708433.
7
Calculate the highest common factor of 451640 and 3080.
280
What is the highest common factor of 593175 and 271425?
825
Calculate the highest common divisor of 18381048 and 483000.
3864
What is the greatest common factor of 1240 and 298864?
8
What is the highest common divisor of 594044 and 23644?
92
What is the greatest common factor of 18 and 822493?
1
Calculate the highest common divisor of 14479144 and 184.
184
What is the greatest common divisor of 47102 and 8426?
22
Calculate the greatest common divisor of 49397 and 4334324.
1051
Calculate the greatest common divisor of 22464234 and 234.
234
What is the greatest common factor of 82595622 and 1242?
138
What is the greatest common factor of 176 and 21474736?
16
Calculate the greatest common factor of 990 and 61231320.
90
Calculate the highest common divisor of 556 and 1996318.
278
Calculate the greatest common factor of 41956 and 2967962.
34
Calculate the highest common factor of 5651230 and 928.
58
Calculate the greatest common factor of 64 and 141977344.
64
Calculate the highest common divisor of 2298832 and 24.
8
Calculate the highest common factor of 245 and 134034425.
35
What is the greatest common divisor of 42354072 and 153?
153
Calculate the greatest common factor of 188 and 36019531.
47
What is the greatest common factor of 4090 and 118960?
10
Calculate the highest common factor of 191479 and 2454698.
3139
Calculate the highest common divisor of 13770 and 15270.
30
Calculate the greatest common factor of 308 and 170374336.
44
What is the highest common divisor of 13360 and 92580625?
835
What is the highest common factor of 1 and 7361965?
1
What is the greatest common factor of 5389692 and 9975?
399
Calculate the greatest common divisor of 3055 and 124345.
65
Calculate the greatest common factor of 13090721 and 7.
7
What is the highest common factor of 928272 and 46833?
699
Calculate the greatest common divisor of 96 and 3718112.
32
What is the highest common factor of 120870 and 6165?
45
Calculate the greatest common divisor of 9987033 and 5439.
147
What is the highest common divisor of 3709 and 101185229?
3709
Calculate the highest common divisor of 200896 and 58984.
584
What is the highest common factor of 1275 and 432072?
51
What is the highest common factor of 1415469 and 3993?
33
Calculate the highest common factor of 35970 and 239712.
66
What is the greatest common divisor of 822624 and 2829?
123
What is the highest common factor of 695219476 and 56?
28
What is the highest common divisor of 124 and 10301548?
124
Calculate the greatest common factor of 12520 and 240920.
40
What is the highest common divisor of 2040 and 71509140?
1020
Calculate the greatest common factor of 2813439 and 21.
3
Calculate the highest common divisor of 490 and 529816.
14
Calculate the greatest common factor of 268 and 15655622.
134
Calculate the highest common factor of 2983 and 1487889.
157
Calculate the highest common divisor of 1272 and 9941528.
424
What is the greatest common divisor of 260228 and 1474?
134
What is the greatest common factor of 109348794 and 108?
18
Calculate the highest common factor of 15894 and 4689.
9
What is the greatest common divisor of 2987 and 176027?
103
What is the highest common factor of 828126 and 8190?
234
What is the greatest common factor of 2725 and 128062029?
109
Calculate the highest common divisor of 4003950 and 3100.
50
Calculate the highest common factor of 79130 and 104220.
1930
Calculate the highest common factor of 287238 and 22492494.
5862
Calculate the highest common divisor of 3145408 and 30576.
784
What is the greatest common divisor of 1 and 40009335?
1
Calculate the highest common factor of 186 and 4768544.
62
Calculate the highest common divisor of 56752 and 2836.
4
What is the greatest common divisor of 3773 and 11?
11
Calculate the greatest common factor of 571677618 and 19056.
2382
Calculate the highest common divisor of 358621623 and 1249.
1249
What is the highest common divisor of 1532765 and 260?
65
What is the highest common factor of 5068125 and 850?
425
Calculate the highest common factor of 666253 and 2779.
7
Calculate the highest common factor of 5000606 and 574.
82
What is the greatest common divisor of 130072 and 15224?
8
Calculate the greatest common divisor of 168465012 and 12.
12
What is the highest common divisor of 1170 and 30570174?
18
What is the greatest common factor of 298168 and 36844?
244
Calculate the highest common divisor of 2906 and 1793629696.
2906
What is the greatest common divisor of 1272 and 261755976?
1272
Calculate the highest common factor of 4560 and 40728.
24
What is the highest common divisor of 740 and 32836205?
185
What is the highest common factor of 140131 and 12155?
17
What is the highest common factor of 3300794 and 1463?
133
Calculate the greatest common divisor of 14688 and 430593.
51
Calculate the greatest common divisor of 9786 and 32178.
6
Calculate the highest common factor of 28992 and 47262396.
1812
What is the highest common factor of 4585710 and 15?
15
What is the greatest common factor of 23631462 and 4930?
986
Calculate the highest common divisor of 138 and 225685545.
69
Calculate the highest common factor of 